st the prime factors of 17756467.
3119, 5693
List the prime factors of 231991.
139, 1669
What are the prime factors of 4377450?
2, 3, 5, 7, 11, 379
What are the prime factors of 20781437?
20781437
What are the prime factors of 10188976?
2, 7, 29, 3137
What are the prime factors of 181834?
2, 90917
List the prime factors of 204510.
2, 3, 5, 17, 401
What are the prime factors of 166041?
3, 19, 971
List the prime factors of 7423940.
2, 5, 23, 16139
What are the prime factors of 192090?
2, 3, 5, 19, 337
List the prime factors of 7553.
7, 13, 83
List the prime factors of 5126922.
2, 3, 19, 263
What are the prime factors of 290876?
2, 72719
What are the prime factors of 5542944?
2, 3, 11, 29, 181
What are the prime factors of 95011?
7, 277
What are the prime factors of 54206?
2, 27103
What are the prime factors of 2808358?
2, 7, 200597
List the prime factors of 1968565.
5, 393713
List the prime factors of 17688.
2, 3, 11, 67
What are the prime factors of 924596?
2, 17, 13597
What are the prime factors of 3411682?
2, 23, 74167
List the prime factors of 1170957.
3, 269, 1451
What are the prime factors of 17733602?
2, 8866801
List the prime factors of 365814.
2, 3, 20323
List the prime factors of 3902743.
13, 83, 3617
List the prime factors of 13745465.
5, 2749093
List the prime factors of 562372.
2, 140593
What are the prime factors of 94164?
2, 3, 7, 19, 59
What are the prime factors of 3093547?
59, 52433
What are the prime factors of 5259512?
2, 657439
What are the prime factors of 508719?
3, 151, 1123
List the prime factors of 210224.
2, 7, 1877
What are the prime factors of 170742?
2, 3, 11, 13, 199
What are the prime factors of 1932098?
2, 7, 138007
List the prime factors of 247395.
3, 5, 16493
List the prime factors of 12240119.
17, 720007
What are the prime factors of 3311489?
1613, 2053
What are the prime factors of 571163?
571163
List the prime factors of 5619845.
5, 7, 11, 1327
List the prime factors of 33120.
2, 3, 5, 23
What are the prime factors of 679942?
2, 109, 3119
What are the prime factors of 2786752?
2, 43543
List the prime factors of 1419867.
3, 79, 1997
List the prime factors of 2905372.
2, 509, 1427
List the prime factors of 292245.
3, 5, 19483
List the prime factors of 6147259.
449, 13691
List the prime factors of 344379.
3, 7, 23, 31
What are the prime factors of 3138688?
2, 7, 31, 113
What are the prime factors of 244891?
19, 12889
List the prime factors of 633164.
2, 7, 22613
List the prime factors of 1089486.
2, 3, 60527
List the prime factors of 3937913.
7, 79, 7121
List the prime factors of 861871.
861871
List the prime factors of 393777.
3, 43753
What are the prime factors of 7063902?
2, 3, 257, 509
List the prime factors of 242220.
2, 3, 5, 11, 367
What are the prime factors of 810476?
2, 53, 3823
List the prime factors of 1612090.
2, 5, 37, 4357
List the prime factors of 14003.
11, 19, 67
List the prime factors of 3707602.
2, 1853801
List the prime factors of 6428431.
17, 23, 41, 401
What are the prime factors of 2239420?
2, 5, 41, 2731
What are the prime factors of 227827?
227827
List the prime factors of 809305.
5, 7, 19, 1217
What are the prime factors of 29209?
29209
List the prime factors of 175603.
41, 4283
List the prime factors of 2324310.
2, 3, 5, 77477
List the prime factors of 3733742.
2, 1866871
List the prime factors of 233058.
2, 3, 7, 31, 179
What are the prime factors of 333775?
5, 13, 79
List the prime factors of 17172311.
13, 1320947
What are the prime factors of 5446886?
2, 31, 87853
List the prime factors of 182162.
2, 91081
List the prime factors of 7187010.
2, 3, 5, 239567
What are the prime factors of 7747439?
7, 43, 3677
List the prime factors of 9172337.
37, 247901
List the prime factors of 102134.
2, 223, 229
List the prime factors of 3492869.
3492869
What are the prime factors of 5016466?
2, 7, 13, 43, 641
List the prime factors of 297570.
2, 3, 5, 7, 13, 109
What are the prime factors of 133886?
2, 66943
List the prime factors of 1585677.
3, 528559
What are the prime factors of 446481?
3, 7, 19, 373
What are the prime factors of 3178736?
2, 11, 18061
What are the prime factors of 408165?
3, 5, 27211
What are the prime factors of 1925747?
1925747
What are the prime factors of 152279?
29, 59, 89
What are the prime factors of 49381?
19, 23, 113
List the prime factors of 12052009.
12052009
What are the prime factors of 1728280?
2, 5, 43207
What are the prime factors of 17078038?
2, 811, 10529
List the prime factors of 153120.
2, 3, 5, 11, 29
List the prime factors of 3005431.
11, 13, 21017
List the prime factors of 1075713.
3, 358571
What are the prime factors of 148674?
2, 3, 71, 349
List the prime factors of 1224894.
2, 3, 11, 67, 277
What are the prime factors of 236355?
3, 5, 7, 2251
What are the prime factors of 7064780?
2, 5, 37, 9547
List the prime factors of 187454.
2, 19, 4933
List the prime factors of 1733754.
2, 3, 11, 109, 241
List the prime factors of 1147789.
17, 107, 631
What are the prime factors of 69949?
11, 6359
List the prime factors of 2095253.
2095253
What are the prime factors of 2227420?
2, 5, 13, 659
List the prime factors of 10135759.
19, 701, 761
What are the prime factors of 3131128?
2, 7, 11, 13, 17, 23
What are the prime factors of 5614460?
2, 5, 347, 809
List the prime factors of 97794.
2, 3, 1811
What are the prime factors of 284246?
2, 142123
What are the prime factors of 26241937?
179, 146603
What are the prime factors of 463757?
7, 97, 683
What are the prime factors of 155538?
2, 3, 8641
What are the prime factors of 2518478?
2, 311, 4049
List the prime factors of 227338.
2, 197, 577
List the prime factors of 813958.
2, 167, 2437
What are the prime factors of 2534505?
3, 5, 19, 8893
List the prime factors of 2307408.
2, 3, 53, 907
What are the prime factors of 562746?
2, 3, 71, 1321
What are the prime factors of 739270?
2, 5, 7, 59, 179
List the prime factors of 2760986.
2, 431, 3203
What are the prime factors of 3436476?
2, 3, 23, 12451
What are the prime factors of 93332?
2, 23333
What are the prime factors of 2203839?
3, 11, 113, 197
List the prime factors of 14411621.
7, 31, 66413
What are the prime factors of 9856338?
2, 3, 1642723
List the prime factors of 190709.
190709
List the prime factors of 2658600.
2, 3, 5, 7, 211
What are the prime factors of 2244864?
2, 3, 37, 79
What are the prime factors of 49520?
2, 5, 619
What are the prime factors of 238744?
2, 11, 2713
What are the prime factors of 33712?
2, 7, 43
List the prime factors of 246951.
3, 23, 1193
List the prime factors of 165911.
251, 661
What are the prime factors of 1382246?
2, 37, 18679
List the prime factors of 281710.
2, 5, 11, 13, 197
List the prime factors of 1400348.
2, 350087
What are the prime factors of 162428?
2, 7, 5801
What are the prime factors of 78362?
2, 39181
What are the prime factors of 2587202?
2, 1013, 1277
List the prime factors of 117466.
2, 58733
What are the prime factors of 106130?
2, 5, 10613
What are the prime factors of 568019?
568019
List the prime factors of 630460.
2, 5, 29, 1087
What are the prime factors of 1749297?
3, 11, 61, 79
List the prime factors of 154875.
3, 5, 7, 59
List the prime factors of 5264153.
71, 74143
List the prime factors of 763333.
103, 7411
List the prime factors of 4983444.
2, 3, 1709
What are the prime factors of 4563868?
2, 1140967
What are the prime factors of 1226375?
5, 9811
What are the prime factors of 183225?
3, 5, 7, 349
What are the prime factors of 182112?
2, 3, 7, 271
List the prime factors of 1928317.
1928317
List the prime factors of 256707.
3, 11, 2593
List the prime factors of 341117.
7, 48731
What are the prime factors of 3053621?
1039, 2939
What are the prime factors of 18384008?
2, 211, 10891
List the prime factors of 15125483.
2017, 7499
List the prime factors of 130349.
130349
What are the prime factors of 189265?
5, 37853
What are the prime factors of 1854454?
2, 7, 127, 149
What are the prime factors of 3517744?
2, 43, 5113
List the prime factors of 33417610.
2, 5, 3341761
List the prime factors of 552611.
552611
List the prime factors of 3849036.
2, 3, 37, 8669
What are the prime factors of 3223841?
23, 140167
List the prime factors of 252891.
3, 28099
What are the prime factors of 254194?
2, 149, 853
What a